 Let k(u) = 2*u**2 - 8*u + 4. What is the tens digit of k(g)?
6
Let o(j) = 526*j - 1406. What is the hundreds digit of o(11)?
3
Suppose -4*h = -5*x + 812, -2*h = 2*x - 3*x + 166. Suppose 4*g = 4, u = -0*g - 4*g + x. What is the units digit of 2*(u/8 + -4)?
1
Let h(j) = j**3 - 15*j**2 - 4*j + 54. Let r be h(16). Suppose -50 = 4*m + 574. Let a = r + m. What is the tens digit of a?
9
What is the tens digit of 262/(-1048) + 206370/8?
9
Let b(v) = 29*v**2 - 6*v - 24. Let w be b(-4). Let l = 445 + w. What is the hundreds digit of l?
9
Suppose 3*q + 587 = b, -221*q + 216*q = -2*b + 1172. What is the tens digit of b?
8
Let s(y) = -6*y**2 + 428*y + 165. What is the hundreds digit of s(67)?
9
Let g = 603 - 1168. Let b = 193 - g. What is the hundreds digit of b?
7
Suppose 255 = -4*l + 35. Let q = l + 396. What is the hundreds digit of q?
3
What is the units digit of (12 + -90929)/((-3)/2) - (-142)/213?
2
Suppose 16*k + 664 = 20*k. Suppose -13*y - k + 6146 = 0. What is the hundreds digit of y?
4
Let r(f) = -4*f**2 - 97*f - 110. What is the tens digit of r(-22)?
8
Suppose 0 = 6*b - 273 + 231. Let p(d) = 22*d**2 + 6*d - 27. What is the units digit of p(b)?
3
Let l = 128 - 128. Suppose -3*g = i - 398, l = 3*g - 0*g - 4*i - 388. What is the hundreds digit of g?
1
Let y(q) = 342*q**3 + 4*q**2 - q - 4. Let a(r) = -r**2 + 1. Let p(t) = 6*a(t) + y(t). What is the units digit of p(1)?
1
Let h(s) = 6*s + 14*s**2 + 3*s**2 + 408*s**3 + 13 + 8 - 409*s**3. Suppose -39 = -3*q - 4*d + 12, d = q - 17. What is the tens digit of h(q)?
2
Let g be (-2)/(393/(-1668) + (-2)/(-8)). Let f = 23 - g. What is the tens digit of f?
6
Suppose -14 = -2*x, 3*h - 3*x - 54325 = -4*x. What is the thousands digit of h?
8
Let s(x) = -19*x**2 + 13*x - 3. Let n(j) = -19*j**2 + 12*j - 4. Let t(l) = -5*n(l) + 4*s(l). What is the units digit of t(5)?
3
What is the tens digit of (1 - 13) + (233 - -1607)?
2
Let q = 101 - 152. Let w = q + 111. What is the units digit of w?
0
Let s be (-1974)/(-7)*(1 + 0 - 2). Let u = 538 + s. What is the hundreds digit of u?
2
Let j(q) = -5447*q**3 - 3*q**2 - 4*q - 1. What is the units digit of j(-1)?
7
Let t(n) = 268*n - 110. Let g be t(4). Suppose -5*z + g = 3*d, 3*d = 10*z - 6*z + 980. What is the units digit of d?
4
Let y(o) = -28*o**3 + 2*o - 2. Let w be y(2). Let s = 516 + w. What is the units digit of s?
4
What is the units digit of 565000/115 - 46/1058?
3
Let k(p) = p**3 + 10*p**2 + 2*p + 23. Let c be k(-10). Suppose 0 = -q - c*s + 334, -8*q + 4*s = -3*q - 1594. What is the units digit of q?
2
Let o(g) = 7*g**2 + g + 7. Let z(w) = w**2 + w + 1. Let v be 1/(-3)*60/4. Let p(r) = v*z(r) + o(r). What is the units digit of p(-5)?
2
Let t = -198 - -201. What is the units digit of ((6 - 1)/(-5))/(t/(-156))?
2
Suppose -5 = -2*l - 1. Suppose -2*d + 0*v = l*v + 52, 4 = -2*v. Let w = 54 - d. What is the units digit of w?
8
Suppose -9*p + 36*p - 6209843 = -70*p. What is the units digit of p?
9
Suppose -128913 = -4*j - s, -4*s - 29 = -17. What is the ten thousands digit of j?
3
Let k(i) = -7*i - 96. Let r(t) = 3*t + 47. Let p(b) = 6*k(b) + 13*r(b). What is the tens digit of p(2)?
2
Suppose -3 = -3*o + 4*o - j, -5*o + 2*j - 12 = 0. What is the units digit of o + 1 - 4986/6*-1?
0
Let q = 110451 - 65072. What is the units digit of q?
9
Let v(c) = -2*c**2 + 52*c + 14. Let g be v(27). Let j be 2/(4/g*-5). Suppose y - 86 = 2*t, -3*y - 6*t + 266 = -j*t. What is the tens digit of y?
8
Let u(t) = -36*t + 768. What is the hundreds digit of u(5)?
5
Let z = -45 + 57. Suppose -z*s = -21*s. Suppose s*f = -3*f - 4*j + 17, 2*f - 38 = 4*j. What is the units digit of f?
1
Let m = -717 + 1593. Let b = m + 220. What is the hundreds digit of b?
0
Let p(w) be the first derivative of w**2/2 + 10*w + 2131. Suppose 5*r = -0*r + 100. What is the tens digit of p(r)?
3
Suppose -53*z + 48*z + 50 = 0. Suppose -402 = z*n - 7252. What is the tens digit of n?
8
Suppose 15455 = 301*p - 295*p - 40555. What is the units digit of p?
5
Let u = 72059 - 28493. What is the hundreds digit of u?
5
Let n(h) = h**2 - 38*h - 32. Let a(s) = 18*s + 16. Let q(i) = 7*a(i) + 3*n(i). What is the tens digit of q(-9)?
5
Let z be (-54 - -51)*11/3. Let m(c) = c**3 + 17*c**2 - 3*c - 27. What is the units digit of m(z)?
2
Let k = 6869 + 2153. What is the units digit of (-34)/153 - k/(-18)?
1
Suppose 0 = 2*d - 7*d - 2*s + 2222, 5*d = 2*s + 2238. Suppose 5*p = d - 91. What is the tens digit of p?
7
Let d(i) = -320*i + 28. Let h be d(1). Let w = -124 - h. What is the hundreds digit of w?
1
Let h(f) = -6*f + 1064. Let o be h(0). Suppose -w + 792 + o = 0. What is the thousands digit of w?
1
Let o(y) = -y**3 + 6*y**2 + 7*y + 2. Let a be o(7). Let w(r) = -2 - 4 - 4*r + 4 + 13 - 14*r**a - r**3. What is the units digit of w(-14)?
7
Let c(p) = 12*p**3 - 19*p + 12*p**2 - 3 - 19*p**3 - 7 + 13*p**3. What is the hundreds digit of c(6)?
6
Let u = 924 - 737. Suppose 0 = u*x - 197*x + 19020. What is the tens digit of x?
0
Suppose -9*a + 12*a = 12. Let u(l) = l**2 - 7*l + 6. Let b be u(a). What is the units digit of b/(-9)*87 + 3?
1
Let v(q) = 5*q**3 - 685*q**2 - 161*q - 114. What is the ten thousands digit of v(138)?
7
Let f(y) = -7*y**2 + 13*y - 54. Let z be f(17). Let d = -894 - z. What is the tens digit of d?
6
Let d be 2/(-8)*0 + 4. Suppose 0 = p - d*p - 5*p. Suppose -4*u + 3*y + 162 + 229 = p, -2*u = -y - 193. What is the units digit of u?
4
Let k(j) = 2*j**3 - 13*j**2 + 15*j - 6. Let q be k(5). Suppose -42 - 3 = 5*p. What is the units digit of (434/21)/(q/p)?
1
Let r = 145 + -70. Let y = r + -74. What is the hundreds digit of 3*(y + (-3)/(-9)) - -119?
1
Let i(w) = -1342*w + 7167. What is the units digit of i(-19)?
5
Suppose 3275*q - 3313*q + 1084216 = 0. What is the hundreds digit of q?
5
What is the thousands digit of (-2 + 9)*(-6)/((-6)/347)?
2
Let v(q) = q**3 - 7*q**2 + 6*q + 21. Let l be v(8). Suppose -l*m + 456 = -130*m. What is the units digit of m?
2
Let t = -11408 - -23613. What is the tens digit of t?
0
Suppose 0 = -y + 5*a + 2322 + 578, 0 = -3*y + a + 8770. What is the thousands digit of y?
2
Let h be -21 + 20 + 64/2. Let z = 33 - h. What is the tens digit of 4*1*(-1)/z + 153?
5
Let y(c) = 62*c**2 + 7*c + 4. Suppose -3 = 32*u - 31*u. Let x be y(u). Suppose 0 = 12*j - 791 - x. What is the tens digit of j?
1
Let r(j) = j**2 - 74*j + 2322. What is the thousands digit of r(60)?
1
Let y be (6 - 3 - 6)/(2/12). Let g(j) = j**2 + 6*j + 28. What is the units digit of g(y)?
4
Let u(z) = -5*z + 6. Let p = 34 - 24. Let x be u(p). Let g = 79 + x. What is the tens digit of g?
3
Let r(c) = c**2 - 7*c - 14. Let y be r(9). What is the units digit of 70 + y + (12 - 4)*-1?
6
What is the tens digit of (-810)/(-1890) - (-145734)/14?
1
Let c be 2/((1/9)/((-4)/(-24))). Suppose 3*w = -6*b + 3*b + 1458, -2*w + 947 = -c*b. What is the tens digit of w?
8
Let g(v) = 28*v**2 - 122*v + 1014. What is the thousands digit of g(45)?
2
Suppose -o = 5*k - 19, 0 = -3*k - 0*o + 2*o + 1. Let x(a) = -a + 3*a + 1 + 1 + 5*a. What is the tens digit of x(k)?
2
Let p be ((-200)/(-90))/(-10) - (-475564)/18. What is the tens digit of p/30 + 9 - 2/(-6)?
9
Let f(b) be the third derivative of 13*b**4/6 + 5*b**3/6 + 52*b**2. Let t = -6 - -7. What is the units digit of f(t)?
7
Let x(b) = 3*b**2 - 19*b + 8. Let s be x(6). Suppose -s*o + 1907 = -275. What is the thousands digit of o?
1
Let k be 2*5 - (27 + -30). Suppose -2180 = -k*p + 1044. What is the hundreds digit of p?
2
Suppose 50551 - 14052 = 21*g - 128645. What is the units digit of g?
4
Suppose 7878 + 36 = 2*x - 3*m, 0 = 2*x + 4*m - 7942. What is the tens digit of x?
6
Suppose p = 3*d - 10, -2*p - 4 = 5*d - 39. Suppose -z - d*v + 555 = -237, 5*z - 4*v = 3931. Suppose 0 = 10*k - z - 463. What is the units digit of k?
5
Let h = -88 - -99. Suppose -9*l + h*l + 1010 = 0. Let c = -361 - l. What is the tens digit of c?
4
Let g = 12 - 0. Suppose -2 = -2*x - 3*c - 0, 5*x + 4*c - g = 0. What is the tens digit of 1/x - (-855)/20?
4
Let w be (-2 - -3)/(17/12121). Let k = 818 - w. What is the units digit of k?
5
Suppose 0 = 14*c - 15603 - 14021. Suppose 0 = -7*f + c + 880. What is the hundreds digit of f?
4
Let b = 10475 - 9357. What is the tens digit of b?
1
Let j(q) = q**2 - 11*q + 16. Let s = -33 - -42. Let v be j(s). What is th